e number?
True
Is 12114664819 a prime number?
False
Is 86986722577 prime?
True
Is 782830709 a composite number?
True
Is 5085464989 a composite number?
True
Is 46225448831 prime?
True
Is 17512116715 prime?
False
Is 109592621 prime?
True
Is 10654427171 composite?
True
Is 512464343 a prime number?
True
Is 21214866149 prime?
False
Is 19896664351 composite?
False
Is 485333063 a prime number?
True
Is 387904241 composite?
False
Is 6588648817 composite?
False
Is 3835388899 a prime number?
True
Is 186510739 a composite number?
True
Is 13430118187 composite?
False
Is 72119775391 a composite number?
False
Is 1153415635 composite?
True
Is 3552329267 prime?
True
Is 9947014757 a composite number?
False
Is 973235609 a prime number?
True
Is 128538842 composite?
True
Is 2421356551 a prime number?
False
Is 7661647871 composite?
True
Is 23161236503 a composite number?
False
Is 44636731613 prime?
True
Is 91026807 composite?
True
Is 3777913234 prime?
False
Is 5064965249 prime?
False
Is 25919188309 a composite number?
True
Is 17300641961 a composite number?
True
Is 21895868671 a composite number?
True
Is 941472197 composite?
False
Is 251114183 a prime number?
True
Is 9549739043 composite?
True
Is 54800890369 a composite number?
True
Is 62654981 composite?
False
Is 542329133 a prime number?
True
Is 1324958411 a prime number?
False
Is 331407000829 prime?
True
Is 735992891 a prime number?
True
Is 11143708633 a composite number?
True
Is 128103091 a composite number?
False
Is 389661823 prime?
False
Is 12011856737 a composite number?
False
Is 36087066841 a prime number?
False
Is 897635759 composite?
False
Is 4693592251 composite?
False
Is 179154722815 a composite number?
True
Is 476113217 a composite number?
False
Is 17241423169 a prime number?
True
Is 93799394261 composite?
False
Is 674199259 prime?
True
Is 1171422857 composite?
True
Is 9941485237 composite?
True
Is 58866373 prime?
True
Is 9590161199 prime?
True
Is 3061960127 a prime number?
True
Is 10790278159 composite?
True
Is 155963033 composite?
False
Is 38741939191 a prime number?
True
Is 1437741127 a prime number?
True
Is 3698872553 a prime number?
True
Is 20787307469 a prime number?
True
Is 397474487 a prime number?
True
Is 9500387987 prime?
True
Is 583129031 a composite number?
False
Is 2665420213 a composite number?
True
Is 4168453799 prime?
True
Is 8862908599 a prime number?
True
Is 655419217 a composite number?
False
Is 1305229499 a composite number?
True
Is 19258450163 a composite number?
True
Is 1135564967 prime?
True
Is 2845453943 a composite number?
True
Is 41537375837 a composite number?
False
Is 16809127719 a prime number?
False
Is 323117213 composite?
False
Is 162269056507 a composite number?
False
Is 141359847693 prime?
False
Is 15538555489 composite?
True
Is 9173509091 a prime number?
True
Is 34648724687 composite?
False
Is 4286443363 a composite number?
True
Is 63746807 prime?
True
Is 202417907 prime?
True
Is 8788208113 prime?
True
Is 2859705749 prime?
True
Is 16474585279 prime?
True
Is 5928354083 a prime number?
True
Is 115450589 prime?
False
Is 301480446889 a prime number?
True
Is 1403648777 composite?
False
Is 551751631 prime?
False
Is 2522467349 a composite number?
False
Is 88673428243 composite?
False
Is 2000398187 a prime number?
True
Is 23424810347 composite?
False
Is 26094492797 composite?
True
Is 26983142447 composite?
True
Is 660762253 a composite number?
True
Is 51226026199 composite?
True
Is 16112518727 a prime number?
True
Is 1552783733 a prime number?
True
Is 7285884367 a prime number?
True
Is 9611284357 composite?
False
Is 141068643689 composite?
False
Is 272543519 prime?
False
Is 1829690653 composite?
True
Is 267798197 a composite number?
True
Is 1162155967 a composite number?
True
Is 74833944461 a prime number?
False
Is 1924186179 a prime number?
False
Is 25000364755 composite?
True
Is 7975847441 a composite number?
False
Is 119078040649 composite?
True
Is 1486986349 a prime number?
True
Is 1759161223 a prime number?
False
Is 229772926 composite?
True
Is 1905621649 composite?
True
Is 1588622507 a prime number?
True
Is 41316403511 a composite number?
False
Is 619616401 a composite number?
True
Is 935412307 a composite number?
False
Is 8733036903 prime?
False
Is 113004103 a composite number?
True
Is 6974674937 a prime number?
True
Is 27959821457 a composite number?
False
Is 8956747 prime?
False
Is 108908604593 prime?
False
Is 111898858453 composite?
True
Is 8712362801 composite?
False
Is 5369586707 composite?
False
Is 16320865243 prime?
True
Is 33929310619 a prime number?
True
Is 1923474521 prime?
False
Is 201637999 a composite number?
False
Is 341412408881 a composite number?
False
Is 5277230683 a prime number?
True
Is 24630507043 prime?
True
Is 82201937 prime?
True
Is 32918796641 composite?
True
Is 65394924497 prime?
False
Is 177671992987 composite?
True
Is 57935553151 composite?
True
Is 2149064341 prime?
True
Is 729676007 prime?
True
Is 57940794739 composite?
False
Is 470508649 composite?
True
Is 227355610567 a prime number?
False
Is 64479849041 prime?
False
Is 99768719 composite?
False
Is 31932743 a composite number?
True
Is 6980497 a composite number?
False
Is 17932195093 a prime number?
True
Is 1077082789 a prime number?
True
Is 1183465967 a prime number?
True
Is 7930799449 composite?
False
Is 14675083289 composite?
False
Is 6015926363 prime?
True
Is 16083988847 a prime number?
False
Is 1537542497 prime?
True
Is 720686789 prime?
False
Is 10963989287 a prime number?
True
Is 23900973013 composite?
True
Is 38667304963 a prime number?
False
Is 202501681 prime?
False
Is 380195879 a composite number?
True
Is 409768213 a composite number?
False
Is 11121808219 composite?
False
Is 3335309467 a composite number?
True
Is 3579422683 composite?
False
Is 64262053 a prime number?
False
Is 493523 composite?
False
Is 26738456713 a composite number?
False
Is 9824677231 prime?
True
Is 8001501173 composite?
True
Is 9781196933 a prime number?
False
Is 100132375231 prime?
False
Is 36314269 prime?
True
Is 293723806 composite?
True
Is 583037639 a composite number?
True
Is 733704749 a prime number?
True
Is 517600423 a prime number?
True
Is 4389049417 a composite number?
False
Is 11041558513 a prime number?
False
Is 9149038073 a prime number?
False
Is 482097893 a composite number?
False
Is 684468167 prime?
False
Is 40297193 composite?
False
Is 9993055267 a composite number?
True
Is 6403873407 prime?
False
Is 76196381141 prime?
True
Is 29276086547 a composite number?
False
Is 123316741 composite?
False
Is 7919304449 prime?
False
Is 23487306322 a prime number?
False
Is 59993831 a prime number?
True
Is 310808942 prime?
False
Is 7594694747 a composite number?
True
Is 478915903 a prime number?
True
Is 126009516785 prime?
False
Is 3839913241 composite?
False
Is 14777316079 a composite number?
True
Is 843634529 composite?
False
Is 27583857709 prime?
False
Is 974361757 composite?
True
Is 11463079351 composite?
False
Is 588067 a composite number?
True
Is 3159413029 a prime number?
True
Is 17703910689 a composite number?
True
Is 105878631077 a composite number?
False
Is 51580799899 a prime number?
True
Is 145744624231 a composite number?
False
Is 9377171753 composite?
False
Is 30449583071 composite?
True
Is 7893350129 a prime number?
False
Is 74875618271 a prime number?
True
Is 3201636959 a prime number?
False
Is 6506479559 a composite number?
False
Is 141332057 a prime number?
True
Is 182172135281 prime?
False
Is 6339623957 prime?
False
Is 300308497 composite?
True
Is 18263774533 composite?
False
Is 1328843 a composite number?
False
Is 5285710942 composite?
True
Is 45039016551 prime?
False
Is 89212309 composite?
True
Is 4668372983 a prime number?
True
Is 10293436099 composite?
False
Is 70909343 prime?
False
Is 522236951 composite?
False
Is 3843798703 a composite number?
False
Is 2614243109 a composite number?
False
Is 1743253247 a composite number?
True
Is 13775939 prime?
True
Is 207586133 a prime number?
False
Is 7100414311 prime?
False
Is 23770973627 a prime number?
False
Is 38201609 a prime number?
False
Is 1080390287 prime?
False
Is 31587993109 composite?
False
Is 4428806693 prime?
True
Is 15185446729 prime?
True
Is 8210253011 a prime number?
True
Is 3282588719 prime?
True
Is 5073669409 a prime number?
